56).
15
Let n(b) = -229*b - 14640. What is n(-64)?
16
Let h(y) = 6*y**3 - 2*y**2 + y - 12. Give h(0).
-12
Let b(t) = -2*t**2 - 64*t - 141. What is b(-34)?
-277
Let y(r) = 81*r**2 + 170*r + 3. Calculate y(-2).
-13
Let q(m) = m**3 + 21*m**2 - 47*m + 17. Calculate q(-23).
40
Let g(y) = -y**2 + 88*y + 2035. What is g(107)?
2
Let a(k) = -8*k - 649. Give a(-84).
23
Let x(o) = -321*o + 21192. What is x(66)?
6
Let i(o) = o**3 + 27*o**2 + 26*o + 4. Give i(-26).
4
Let n(p) = -713*p - 11453. Give n(-16).
-45
Let s(c) = -9*c - 422. What is s(-46)?
-8
Let m(h) = -7756*h + 7753. Give m(1).
-3
Let a(n) = 2*n**2 - 65*n - 259. Give a(36).
-7
Let u(o) = -6*o**2 + 1034*o - 2329. What is u(170)?
51
Let a(j) = j**3 + 19*j**2 - 21*j - 14. Determine a(-20).
6
Let t(f) = -f**2 - 18*f + 27. Calculate t(-16).
59
Let t(m) = -4770*m + 19051. Calculate t(4).
-29
Let b(x) = x**3 + 15*x**2 + 42*x - 13. Determine b(-5).
27
Let v(s) = -166*s - 990. Determine v(-6).
6
Let j(k) = -k**3 + 57*k**2 - 56*k - 5. Calculate j(56).
-5
Let s(y) = -13*y**2 - 548*y - 65. Calculate s(-42).
19
Let m(f) = 486*f + 1452. Give m(-3).
-6
Let s(o) = 12*o + 71. What is s(-7)?
-13
Let q(a) = 8*a**3 + 2*a**2 + 3*a + 6. Determine q(3).
249
Let z(o) = 2*o**3 - 93*o**2 + 140*o - 223. Determine z(45).
2
Let b(x) = x**3 + 20*x**2 + 39*x + 30. Determine b(-18).
-24
Let q(x) = -14*x**2 + 8*x - 4. Give q(-3).
-154
Let c(v) = -v**3 - 34*v**2 - 146*v - 785. Calculate c(-30).
-5
Let m(b) = 19*b**3 + b**2 - 12*b + 11. What is m(1)?
19
Let t(c) = 2*c**2 + 40*c - 140. What is t(3)?
-2
Let s(f) = -171*f + 658. What is s(4)?
-26
Let g(t) = 1656*t - 16563. What is g(10)?
-3
Let w(n) = 2*n**2 + 1099*n - 14629. Give w(13).
-4
Let t(p) = 4*p**3 + 52*p**2 + 51*p + 26. Determine t(-12).
-10
Let z(y) = 4*y**3 + 10*y**2 - 62*y + 4. Calculate z(-8).
-908
Let u(y) = -73*y - 365. Give u(-5).
0
Let v(k) = -14*k + 96. Determine v(19).
-170
Let t(s) = 3*s - 31. Give t(-16).
-79
Let g(l) = 48*l + 774. What is g(-16)?
6
Let l(o) = -3*o**2 + 17*o - 103. Give l(9).
-193
Let h(l) = l**3 - 37*l**2 - 49*l + 355. Give h(38).
-63
Let k(h) = -5*h**3 - 6*h**2 - 7*h - 3. Give k(-3).
99
Let x(b) = -b**3 - 9*b**2 - 42*b - 83. Determine x(-6).
61
Let l(t) = 10*t**3 - 112*t**2 + 21*t + 8. Determine l(11).
-3
Let d(f) = f**2 + 869*f + 20239. Give d(-24).
-41
Let p(y) = 18*y + 806. Calculate p(-46).
-22
Let b(d) = -16*d - 313. Calculate b(-21).
23
Let r(k) = k**3 + 11*k**2 - 3*k - 47. Calculate r(-11).
-14
Let y(n) = 46*n + 81. Determine y(-5).
-149
Let b(m) = 3*m**3 - 10*m**2 - 74*m - 24. Determine b(7).
-3
Let a(o) = 3022*o - 126930. What is a(42)?
-6
Let v(d) = -359*d - 27959. Give v(-78).
43
Let a(y) = 3*y**3 + 307*y**2 - 205*y + 118. What is a(-103)?
15
Let p(d) = -36*d + 24. Determine p(1).
-12
Let g(t) = 3*t**3 - 35*t**2 + 94*t - 37. Calculate g(8).
11
Let b(d) = -375*d - 752. Calculate b(-2).
-2
Let f(u) = -679*u - 19031. Determine f(-28).
-19
Let r(b) = -2*b**2 - 45*b - 249. Determine r(-13).
-2
Let x(p) = p**3 - 29*p**2 + 101*p - 54. Determine x(5).
-149
Let v(x) = x**3 - 57*x**2 + 256*x + 209. What is v(52)?
1
Let u(x) = -483*x - 4824. Determine u(-10).
6
Let u(i) = i**3 - 3*i**2 - 87*i - 238. Determine u(-3).
-31
Let q(o) = 8*o**2 - 510*o - 123. What is q(64)?
5
Let i(j) = -410*j - 817. What is i(-2)?
3
Let i(w) = -w**3 + 56*w**2 + 108*w + 475. Determine i(58).
11
Let u(n) = -n**3 - 17*n**2 + 68*n + 8. Calculate u(4).
-56
Let w(r) = -73*r + 20. What is w(-3)?
239
Let t(a) = a**3 + 17*a**2 + 44*a + 47. Give t(-15).
-163
Let f(o) = 291*o**2 - 8. Determine f(1).
283
Let t(s) = -s**2 - 28*s - 74. What is t(-28)?
-74
Let k(l) = -l**3 + 5*l**2 + 37*l - 6. Calculate k(9).
3
Let b(f) = f**2 - 10*f - 18. What is b(11)?
-7
Let g(m) = 2*m**2 - 67*m - 4428. Calculate g(-33).
-39
Let n(l) = -14*l**2 - 62*l + 8. Determine n(-6).
-124
Let r(l) = -34*l**2 + 7479*l + 219. Give r(220).
-1
Let y(j) = 47*j**2 + 308*j - 20. Give y(-7).
127
Let z(q) = -1743*q - 34853. Determine z(-20).
7
Let p(m) = 10523*m + 42084. Give p(-4).
-8
Let o(x) = 19*x + 100. Calculate o(-14).
-166
Let j(h) = -108*h + 2786. Determine j(26).
-22
Let c(x) = 10*x**3 - 2*x**2 - 11*x + 26. What is c(4)?
590
Let y(g) = -3*g**3 - 82*g**2 - 237*g - 3. Give y(-24).
-75
Let q(k) = 513*k - 1030. Give q(2).
-4
Let t(g) = -21*g**2 + 546*g - 12. What is t(26)?
-12
Let q(z) = -z**3 + 25*z**2 + 122*z - 151. Give q(29).
23
Let b(n) = 7*n**2 - 148*n - 478. Determine b(24).
2
Let o(l) = 2*l**3 - 174*l**2 + 195*l - 1979. What is o(86)?
-1
Let y(q) = -5*q**3 + 78*q**2 + 9*q - 35. Give y(16).
-403
Let c(t) = 2*t**2 + 48*t - 313. What is c(6)?
47
Let h(i) = -2*i**2 - 98*i + 14828. Calculate h(-114).
8
Let x(r) = 34*r - 2332. Calculate x(34).
-1176
Let g(y) = -34*y + 2173. Determine g(63).
31
Let t(h) = -h**3 + 14*h**2 + 184*h - 2539. Give t(15).
-4
Let h(u) = u**2 - 20*u - 55. What is h(-4)?
41
Let p(i) = i**2 + 461*i + 5386. What is p(-12)?
-2
Let s(k) = 2*k**3 + 22*k**2 - 9. What is s(-11)?
-9
Let n(l) = -29*l + 205. Give n(40).
-955
Let c(d) = d**2 - 293*d - 907. Calculate c(-3).
-19
Let l(x) = -x**2 - 20*x + 87. Calculate l(-20).
87
Let d(m) = 2*m**2 - 113*m - 613. Give d(-5).
2
Let q(u) = 223*u - 1165. Give q(6).
173
Let p(v) = -3*v**3 + 36*v**2 - 4*v + 47. Determine p(12).
-1
Let q(f) = 12*f**2 + 142*f - 23. Give q(-12).
1
Let v(p) = 6*p + 92. What is v(-14)?
8
Let l(x) = -1256*x + 6280. What is l(5)?
0
Let y(l) = -l**2 - l - 20. Give y(11).
-152
Let u(q) = -2*q**3 - 7*q**2 + 8*q + 8. Determine u(2).
-20
Let z(c) = -7*c**2 + 14*c + 30. Calculate z(7).
-215
Let f(q) = 2*q**2 - 29*q + 18. What is f(14)?
4
Let c(s) = -7*s**3 + 243*s**2 + 325*s - 38. Give c(36).
-2
Let n(h) = -72*h - 1688. Calculate n(-20).
-248
Let o(h) = h**3 + 4*h**2 - 214*h + 269. Give o(12).
5
Let x(j) = 411*j + 3286. What is x(-8)?
-2
Let n(p) = -7*p**2 - 31*p + 204. Calculate n(-8).
4
Let r(m) = 2*m**2 + 103*m + 145. What is r(-50)?
-5
Let i(s) = 2483*s + 19863. What is i(-8)?
-1
Let k(j) = -30*j + 27. Determine k(4).
-93
Let f(h) = -42*h - 1114. Calculate f(-24).
-106
Let j(d) = d**3 + 7*d**2 - 13*d - 86. What is j(-7)?
5
Let u(i) = -i**2 - 75*i - 1252. Determine u(-27).
44
Let u(q) = q + 187. Give u(17).
204
Let g(s) = 477*s + 7631. Calculate g(-16).
-1
Let k(j) = -j**2 + 22*j + 57. Determine k(24).
9
Let z(o) = o**3 + 28*o**2 + 34*o + 181. Calculate z(-27).
-8
Let y(b) = -21*b**2 - b. What is y(-2)?
-82
Let x(k) = -148*k + 23826. Calculate x(161).
-2
Let d(l) = -3*l**2 + 50*l - 168. Determine d(12).
0
Let c(g) = 5*g**3 + 28*g**2 - 9*g + 19. Determine c(-6).
1
Let l(m) = -3*m**2 - 32*m + 107. Determine l(3).
-16
Let q(h) = 12*h + 111. Determine q(-14).
-57
Let f(p) = 2*p**3 - 4*p**2 + 9*p + 11. Calculate f(7).
564
Let y(d) = -d**2 + 210*d - 6442. Give y(37).
-41
Let k(x) = -15*x - 743. What is k(-55)?
82
Let f(q) = -q**3 + 9*q**2 - 6*q + 91. Determine f(9).
37
Let g(o) = -o**3 - 14*o**2 - 4*o + 49. What is g(-4)?
-95
Let o(a) = -a**2 - 46*a - 528. What is o(-26)?
-8
Let v(k) = 3*k - 2. What is v(-5)?
-17
Let r(n) = -2*n**3 - 14*n**2 - 27*n - 343. Give r(-8).
1
Let y(g) = -6*g**2 - 29*g. What is y(3)?
-141
Let r(c) = -2*c**3 - 4*c**2 + 7*c + 3. What is r(2)?
-15
Let v(u) = -7*u**2 + 89*u - 280. Give v(6).
2
Let j(l) = 5*l**2 + 94*l + 157. Give j(-17).
4
Let v(z) = -z**3 + 26*z**2 - 467*z + 11055. What is v(25)?
5
Let h(n) = -758*n + 2239. Calculate h(3).
-35
Let s(b) = 116*b - 30. Give s(-3).
-378
Let v(k) = 7*k + 160. Give v(-21).
13
Let m(n) = -7*n**3 + 1257*n**2 - 716*n + 18. Calculate m(179).
18
Let q(k) = -4*k**3 - 339*k**2 + 95*k + 814. Calculate q(-85).
-36
Let y(l) = 31*l + 2417. Determine y(-79).
-32
Let m(w) = 199*w + 2044. What is m(-10)?
54
Let m(c) = -c**3 + 36*c**2 + 13*c - 193. Calculate m(36).
275
Let l(j) = 2*j**2 + 75*j - 149. Calculate l(-41).
138
Let k(y) = y**2 + 38*y + 263. What is k(-13)?
-62
Let m(s) = 7*s + 11. Calculate m(-2).
-3
Let c(y) = -2*y**3 - 21*y**2 - 57*y + 9. Calculate c(-6).
27
Let c(o) = -57*o - 3054. What is c(-53)?
-33
Let r(a) = -a**3 + 18*a**2 + 27*a - 33. Determine r(17).
715
Let j(i) = 3*i**3 + 22*i**2 - 15*i - 39. Determine j(-7).
115
Let c(v) = -v**3 + 25*v**2 - 26*v + 67. Give c(24).
19
Let k(w) = 688*w**2 - 6194*w - 4. Determine k(9).
-22
Let a(s) = 107*s - 125. Determine 